site number?
False
Is 96643 a prime number?
True
Is 4201 composite?
False
Is 239617 prime?
False
Is 10243 prime?
True
Is 97771 composite?
False
Is 104527 prime?
True
Is 12131 composite?
True
Is 182123 a composite number?
False
Is 46133 a prime number?
True
Is 166607 composite?
True
Is 59134 composite?
True
Is 2761 composite?
True
Is 2957 composite?
False
Is 20717 composite?
False
Is 1834229 a composite number?
False
Is 408923 composite?
False
Is 3018881 prime?
True
Is 14983 composite?
False
Is 44861 composite?
True
Is 235913 prime?
False
Is 3037 a composite number?
False
Is 11083 prime?
True
Is 2718823 a composite number?
False
Is 4101 a prime number?
False
Is 54422 a prime number?
False
Is 22567 prime?
True
Is 18782 a prime number?
False
Is 1441751 a composite number?
False
Is 28857 composite?
True
Is 12659 composite?
False
Is 5971 composite?
True
Is 885679 a prime number?
True
Is 23093 a composite number?
True
Is 1078522 composite?
True
Is 2777 a prime number?
True
Is 165467 composite?
True
Is 11497 composite?
False
Is 10951 composite?
True
Is 228113 composite?
False
Is 2349595 a prime number?
False
Is 1687987 composite?
True
Is 186449 composite?
True
Is 5579 prime?
False
Is 47759 a prime number?
False
Is 5459 a composite number?
True
Is 58018 a prime number?
False
Is 562387 a composite number?
True
Is 1637 prime?
True
Is 2285 prime?
False
Is 1174879 composite?
False
Is 1259 composite?
False
Is 429563 prime?
True
Is 23137 composite?
True
Is 3659 prime?
True
Is 32449 composite?
True
Is 4703 a prime number?
True
Is 85334 a composite number?
True
Is 1111 a composite number?
True
Is 130021 a composite number?
False
Is 16501 a prime number?
False
Is 112477 a prime number?
False
Is 259679 a composite number?
True
Is 2179 composite?
False
Is 17519 a prime number?
True
Is 60391 composite?
True
Is 797 composite?
False
Is 14173 a composite number?
False
Is 634371 a composite number?
True
Is 4362391 prime?
False
Is 14386 composite?
True
Is 38579 composite?
True
Is 3113 a composite number?
True
Is 393 a prime number?
False
Is 338119 prime?
True
Is 13261 a composite number?
True
Is 104479 composite?
False
Is 451 a prime number?
False
Is 221789 a composite number?
True
Is 63493 a prime number?
True
Is 7891 composite?
True
Is 1476601 prime?
False
Is 29821 a prime number?
False
Is 53503 a prime number?
True
Is 9461 a prime number?
True
Is 1015813 prime?
True
Is 73637 a composite number?
False
Is 138041 prime?
True
Is 336143 a composite number?
False
Is 4751 prime?
True
Is 643018 a prime number?
False
Is 737411 prime?
True
Is 95291 a composite number?
True
Is 67547 a composite number?
False
Is 3265 prime?
False
Is 48689 composite?
True
Is 254321 a prime number?
False
Is 27323 composite?
True
Is 251521 a composite number?
True
Is 61001 prime?
True
Is 9623 prime?
True
Is 69753 a composite number?
True
Is 12821 prime?
True
Is 283937 prime?
True
Is 33217 prime?
False
Is 86923 composite?
False
Is 1189 composite?
True
Is 42431 composite?
True
Is 156007 composite?
False
Is 527453 composite?
False
Is 7801 prime?
False
Is 2893 a composite number?
True
Is 11021 a composite number?
True
Is 2142689 prime?
False
Is 22411 a prime number?
False
Is 678577 composite?
False
Is 4561 a composite number?
False
Is 654943 a prime number?
True
Is 2133751 prime?
False
Is 100403 prime?
True
Is 5129 a composite number?
True
Is 47707 a composite number?
True
Is 29483 composite?
False
Is 9677 a composite number?
False
Is 79457 a prime number?
False
Is 38945 a composite number?
True
Is 27179 a prime number?
True
Is 320377 prime?
True
Is 2836945 composite?
True
Is 42509 a composite number?
False
Is 164701 prime?
True
Is 24997 a prime number?
False
Is 583651 composite?
False
Is 376979 a prime number?
False
Is 519 composite?
True
Is 11278 composite?
True
Is 4871 prime?
True
Is 1109681 composite?
True
Is 5899 prime?
False
Is 1758927 a prime number?
False
Is 8999 prime?
True
Is 22861 a prime number?
True
Is 57841 a prime number?
False
Is 166183 prime?
True
Is 61613 prime?
True
Is 59811 prime?
False
Is 35569 a composite number?
False
Is 20911 a composite number?
True
Is 39929 composite?
False
Is 5747371 a prime number?
False
Is 379259 composite?
True
Is 271793 a prime number?
False
Is 15419 a prime number?
False
Is 1117393 a composite number?
True
Is 49919 composite?
False
Is 2179 a prime number?
True
Is 17741 composite?
True
Is 110879 a prime number?
True
Is 26823 a prime number?
False
Is 57719 a composite number?
False
Is 363037 prime?
True
Is 157991 prime?
True
Is 26063 composite?
True
Is 786931 a composite number?
False
Is 10709 a composite number?
False
Is 278981 a composite number?
False
Is 2837 a prime number?
True
Is 467 a composite number?
False
Is 96146 composite?
True
Is 268661 prime?
True
Is 3005 prime?
False
Is 703 a prime number?
False
Is 65507 a composite number?
True
Is 8999 a composite number?
False
Is 1346507 prime?
False
Is 13397 a prime number?
True
Is 135929 prime?
True
Is 6073 a composite number?
False
Is 23929 a composite number?
False
Is 864883 a prime number?
True
Is 112669 composite?
True
Is 76649 composite?
False
Is 1186537 composite?
True
Is 581 a composite number?
True
Is 21785 a composite number?
True
Is 85559 prime?
False
Is 25889 composite?
False
Is 49318 composite?
True
Is 11359 prime?
False
Is 52265 prime?
False
Is 185 prime?
False
Is 1954111 a composite number?
False
Is 60847 prime?
False
Is 340891 a composite number?
True
Is 746531 a prime number?
True
Is 256007 a prime number?
False
Is 267373 a prime number?
True
Is 3847 a composite number?
False
Is 50965 a prime number?
False
Is 290138 a composite number?
True
Is 415694 a prime number?
False
Is 82697 a prime number?
False
Is 4547 composite?
False
Is 14585 a prime number?
False
Is 14939 composite?
False
Is 517 composite?
True
Is 186463 a composite number?
True
Is 644431 prime?
True
Is 82019 prime?
False
Is 322747 a prime number?
True
Is 28361 a prime number?
False
Is 491 a prime number?
True
Is 6997 composite?
False
Is 43685 a composite number?
True
Is 190327 a prime number?
False
Is 66494 a composite number?
True
Is 45379 prime?
False
Is 407947 a prime number?
True
Is 48157 a composite number?
False
Is 2927 composite?
False
Is 1996681 composite?
False
Is 1220885 composite?
True
Is 220261 a prime number?
False
Is 27571 a composite number?
True
Is 1597 a prime number?
True
Is 6323 prime?
True
Is 684381 a prime number?
False
Is 97819 a composite number?
True
Is 112327 a prime number?
True
Is 1069 a prime number?
True
Is 32071 a prime number?
False
Is 9349 a prime number?
True
Is 77437 composite?
True
Is 15163 a prime number?
False
Is 5006 a composite number?
True
Is 3389 a composite number?
False
Is 14273 a composite number?
True
Is 730043 a prime number?
False
Is 167149 prime?
True
Is 96469 a composite number?
False
Is 297091 a prime number?
False
Is 869947 prime?
False
Is 56083 composite?
True
Is 5167 a prime number?
True
Is 15959 composite?
False
Is 429159 a prime number?
False
Is 1993 composite?
False
Is 454911 prime?
False
Is 270559 a prime number?
False
Is 2503 composite?
False
Is 98281 a composite number?
True
Is 730187 a prime number?
True
Is 94513 prime?
True
Is 22091 composite?
False
Is 251267 a composite number?
True
Is 77065 a composite number?
True
Is 50207 prime?
True
Is 16057 prime?
True
Is 6947 a composite number?
False
Is 20609 prime?
False
Is 4703 prime?
True
Is 264338 composite?
True
Is 3719 a composite number?
False
Is 22853 a prime number?
True
Is 147197 prime?
True
Is 154981 a composite number?
False
Is 188239 composite?
True
Is 9839 prime?
True
Is 439477 a prime number?
False
Is 761521 composite?
False
Is 29101 a composite number?
False
Is 27941 a composite number?
False
Is 32647 a composite number?
False
Is 9587 a prime number?
True
Is 59606 composite?
True
Is 2561 composite?
True
Is 198087 prime?
False
Is 556841 a prime number?
True
Is 16603 composite?
False
Is 377753 a composite number?
True
Is 47029 prime?
False
Is 210461 a prime number?
True
Is 159389 composite?
False
Is 13523 a prime number?
True
Is 62383 a prime number?
True
Is 62417 composite?
False
Is 137909 prime?
True
Is 64123 prime?
True
Is 201437 composite?
False
Is 1799 composite?
True
Is 14447 composite?
False
Is 131